[INFO] fetching crate component-future 0.1.1...
[INFO] checking component-future-0.1.1 against master#9610dfe5a9a731ced1ea4923ecbd0c57fe367898 for beta-170-4
[INFO] extracting crate component-future 0.1.1 into /workspace/builds/worker-7-tc1/source
[INFO] validating manifest of crates.io crate component-future 0.1.1 on toolchain 9610dfe5a9a731ced1ea4923ecbd0c57fe367898
[INFO] running `Command { std: CARGO_HOME="/workspace/cargo-home" RUSTUP_HOME="/workspace/rustup-home" "/workspace/cargo-home/bin/cargo" "+9610dfe5a9a731ced1ea4923ecbd0c57fe367898" "metadata" "--manifest-path" "Cargo.toml" "--no-deps", kill_on_drop: false }`
[INFO] started tweaking crates.io crate component-future 0.1.1
[INFO] finished tweaking crates.io crate component-future 0.1.1
[INFO] tweaked toml for crates.io crate component-future 0.1.1 written to /workspace/builds/worker-7-tc1/source/Cargo.toml
[INFO] running `Command { std: CARGO_HOME="/workspace/cargo-home" RUSTUP_HOME="/workspace/rustup-home" __CARGO_TEST_CHANNEL_OVERRIDE_DO_NOT_USE_THIS="nightly" "/workspace/cargo-home/bin/cargo" "+9610dfe5a9a731ced1ea4923ecbd0c57fe367898" "generate-lockfile" "--manifest-path" "Cargo.toml" "-Zno-index-update", kill_on_drop: false }`
[INFO] running `Command { std: CARGO_HOME="/workspace/cargo-home" RUSTUP_HOME="/workspace/rustup-home" "/workspace/cargo-home/bin/cargo" "+9610dfe5a9a731ced1ea4923ecbd0c57fe367898" "fetch" "--manifest-path" "Cargo.toml", kill_on_drop: false }`
[INFO] [stderr]  Downloading crates ...
[INFO] [stderr]   Downloaded parking_lot_core v0.6.3
[INFO] [stderr]   Downloaded tokio v0.1.3
[INFO] running `Command { std: "docker" "create" "-v" "/var/lib/crater-agent-workspace/builds/worker-7-tc1/target:/opt/rustwide/target:rw,Z" "-v" "/var/lib/crater-agent-workspace/builds/worker-7-tc1/source:/opt/rustwide/workdir:ro,Z" "-v" "/var/lib/crater-agent-workspace/cargo-home:/opt/rustwide/cargo-home:ro,Z" "-v" "/var/lib/crater-agent-workspace/rustup-home:/opt/rustwide/rustup-home:ro,Z" "-e" "SOURCE_DIR=/opt/rustwide/workdir" "-e" "CARGO_TARGET_DIR=/opt/rustwide/target" "-e" "CARGO_HOME=/opt/rustwide/cargo-home" "-e" "RUSTUP_HOME=/opt/rustwide/rustup-home" "-w" "/opt/rustwide/workdir" "-m" "1610612736" "--user" "0:0" "--network" "none" "ghcr.io/rust-lang/crates-build-env/linux@sha256:19e73879b68f455e41552ea35293514db52ea292d993f571636dbffedb77a1ee" "/opt/rustwide/cargo-home/bin/cargo" "+9610dfe5a9a731ced1ea4923ecbd0c57fe367898" "metadata" "--no-deps" "--format-version=1", kill_on_drop: false }`
[INFO] [stdout] 48a8903c7313809fb3423a139065651131714c6d1e44d7e404869ff0596a2aba
[INFO] running `Command { std: "docker" "start" "-a" "48a8903c7313809fb3423a139065651131714c6d1e44d7e404869ff0596a2aba", kill_on_drop: false }`
[INFO] running `Command { std: "docker" "inspect" "48a8903c7313809fb3423a139065651131714c6d1e44d7e404869ff0596a2aba", kill_on_drop: false }`
[INFO] running `Command { std: "docker" "rm" "-f" "48a8903c7313809fb3423a139065651131714c6d1e44d7e404869ff0596a2aba", kill_on_drop: false }`
[INFO] [stdout] 48a8903c7313809fb3423a139065651131714c6d1e44d7e404869ff0596a2aba
[INFO] running `Command { std: "docker" "create" "-v" "/var/lib/crater-agent-workspace/builds/worker-7-tc1/target:/opt/rustwide/target:rw,Z" "-v" "/var/lib/crater-agent-workspace/builds/worker-7-tc1/source:/opt/rustwide/workdir:ro,Z" "-v" "/var/lib/crater-agent-workspace/cargo-home:/opt/rustwide/cargo-home:ro,Z" "-v" "/var/lib/crater-agent-workspace/rustup-home:/opt/rustwide/rustup-home:ro,Z" "-e" "SOURCE_DIR=/opt/rustwide/workdir" "-e" "CARGO_TARGET_DIR=/opt/rustwide/target" "-e" "CARGO_INCREMENTAL=0" "-e" "RUST_BACKTRACE=full" "-e" "RUSTFLAGS=--cap-lints=forbid" "-e" "RUSTDOCFLAGS=--cap-lints=forbid" "-e" "CARGO_HOME=/opt/rustwide/cargo-home" "-e" "RUSTUP_HOME=/opt/rustwide/rustup-home" "-w" "/opt/rustwide/workdir" "-m" "1610612736" "--user" "0:0" "--network" "none" "ghcr.io/rust-lang/crates-build-env/linux@sha256:19e73879b68f455e41552ea35293514db52ea292d993f571636dbffedb77a1ee" "/opt/rustwide/cargo-home/bin/cargo" "+9610dfe5a9a731ced1ea4923ecbd0c57fe367898" "check" "--frozen" "--all" "--all-targets" "--message-format=json", kill_on_drop: false }`
[INFO] [stdout] f2adb4cb750570bcf4222feadaa1b4aaff8c4a14f7a5a602907971db0d628795
[INFO] running `Command { std: "docker" "start" "-a" "f2adb4cb750570bcf4222feadaa1b4aaff8c4a14f7a5a602907971db0d628795", kill_on_drop: false }`
[INFO] [stderr]    Compiling log v0.4.18
[INFO] [stderr]    Compiling memoffset v0.5.6
[INFO] [stderr]    Compiling crossbeam-epoch v0.8.2
[INFO] [stderr]     Checking component-future v0.1.1 (/opt/rustwide/workdir)
[INFO] [stderr]     Checking iovec v0.1.4
[INFO] [stderr]    Compiling parking_lot_core v0.6.3
[INFO] [stderr]     Checking net2 v0.2.38
[INFO] [stderr]     Checking crossbeam-queue v0.2.3
[INFO] [stderr]     Checking bytes v0.4.12
[INFO] [stderr]     Checking mio v0.6.23
[INFO] [stderr]     Checking tokio-io v0.1.13
[INFO] [stderr]     Checking parking_lot v0.9.0
[INFO] [stderr]     Checking crossbeam-deque v0.7.4
[INFO] [stderr]     Checking tokio-threadpool v0.1.18
[INFO] [stderr]     Checking tokio-reactor v0.1.12
[INFO] [stderr]     Checking tokio v0.1.3
[INFO] [stdout] error[E0433]: failed to resolve: could not find `current_thread` in `runtime`
[INFO] [stdout]   --> tests/run/mod.rs:39:39
[INFO] [stdout]    |
[INFO] [stdout] 39 |     let mut runtime = tokio::runtime::current_thread::Runtime::new().unwrap();
[INFO] [stdout]    |                                       ^^^^^^^^^^^^^^ could not find `current_thread` in `runtime`
[INFO] [stdout]    |
[INFO] [stdout] help: consider importing this struct
[INFO] [stdout]    |
[INFO] [stdout] 3  + use tokio::runtime::Runtime;
[INFO] [stdout]    |
[INFO] [stdout] help: if you import `Runtime`, refer to it directly
[INFO] [stdout]    |
[INFO] [stdout] 39 -     let mut runtime = tokio::runtime::current_thread::Runtime::new().unwrap();
[INFO] [stdout] 39 +     let mut runtime = Runtime::new().unwrap();
[INFO] [stdout]    |
[INFO] [stdout] 
[INFO] [stdout] 
[INFO] [stdout] error[E0433]: failed to resolve: could not find `current_thread` in `runtime`
[INFO] [stdout]   --> tests/run/mod.rs:39:39
[INFO] [stdout]    |
[INFO] [stdout] 39 |     let mut runtime = tokio::runtime::current_thread::Runtime::new().unwrap();
[INFO] [stdout]    |                                       ^^^^^^^^^^^^^^ could not find `current_thread` in `runtime`
[INFO] [stdout]    |
[INFO] [stdout] help: consider importing this struct
[INFO] [stdout]    |
[INFO] [stdout] 3  + use tokio::runtime::Runtime;
[INFO] [stdout]    |
[INFO] [stdout] help: if you import `Runtime`, refer to it directly
[INFO] [stdout]    |
[INFO] [stdout] 39 -     let mut runtime = tokio::runtime::current_thread::Runtime::new().unwrap();
[INFO] [stdout] 39 +     let mut runtime = Runtime::new().unwrap();
[INFO] [stdout]    |
[INFO] [stdout] 
[INFO] [stdout] 
[INFO] [stdout] error[E0433]: failed to resolve: could not find `current_thread` in `runtime`
[INFO] [stdout]   --> tests/run/mod.rs:39:39
[INFO] [stdout]    |
[INFO] [stdout] 39 |     let mut runtime = tokio::runtime::current_thread::Runtime::new().unwrap();
[INFO] [stdout]    |                                       ^^^^^^^^^^^^^^ could not find `current_thread` in `runtime`
[INFO] [stdout]    |
[INFO] [stdout] help: consider importing this struct
[INFO] [stdout]    |
[INFO] [stdout] 3  + use tokio::runtime::Runtime;
[INFO] [stdout]    |
[INFO] [stdout] help: if you import `Runtime`, refer to it directly
[INFO] [stdout]    |
[INFO] [stdout] 39 -     let mut runtime = tokio::runtime::current_thread::Runtime::new().unwrap();
[INFO] [stdout] 39 +     let mut runtime = Runtime::new().unwrap();
[INFO] [stdout]    |
[INFO] [stdout] 
[INFO] [stdout] 
[INFO] [stdout] error: aborting due to previous error
[INFO] [stdout] 
[INFO] [stdout] 
[INFO] [stdout] For more information about this error, try `rustc --explain E0433`.
[INFO] [stdout] 
[INFO] [stdout] error: aborting due to previous error
[INFO] [stdout] 
[INFO] [stdout] 
[INFO] [stdout] For more information about this error, try `rustc --explain E0433`.
[INFO] [stdout] 
[INFO] [stderr] error: could not compile `component-future` (test "errors") due to 2 previous errors
[INFO] [stderr] warning: build failed, waiting for other jobs to finish...
[INFO] [stdout] error: aborting due to previous error
[INFO] [stdout] 
[INFO] [stdout] 
[INFO] [stdout] For more information about this error, try `rustc --explain E0433`.
[INFO] [stdout] 
[INFO] [stderr] error: could not compile `component-future` (test "basic") due to 2 previous errors
[INFO] [stderr] error: could not compile `component-future` (test "processing") due to 2 previous errors
[INFO] running `Command { std: "docker" "inspect" "f2adb4cb750570bcf4222feadaa1b4aaff8c4a14f7a5a602907971db0d628795", kill_on_drop: false }`
[INFO] running `Command { std: "docker" "rm" "-f" "f2adb4cb750570bcf4222feadaa1b4aaff8c4a14f7a5a602907971db0d628795", kill_on_drop: false }`
[INFO] [stdout] f2adb4cb750570bcf4222feadaa1b4aaff8c4a14f7a5a602907971db0d628795
